{"id":2681,"date":"2022-09-23T23:45:23","date_gmt":"2022-09-24T04:45:23","guid":{"rendered":"https:\/\/aztiservices.com\/?page_id=2681"},"modified":"2024-12-13T21:18:09","modified_gmt":"2024-12-14T02:18:09","slug":"politica-de-privacidad","status":"publish","type":"page","link":"https:\/\/aztiservices.com\/?page_id=2681","title":{"rendered":"Politica de privacidad"},"content":{"rendered":"\t\t<div data-elementor-type=\"wp-page\" data-elementor-id=\"2681\" class=\"elementor elementor-2681\">\n\t\t\t\t\t\t<section class=\"elementor-section elementor-top-section elementor-element elementor-element-b83a683 elementor-section-boxed elementor-section-height-default elementor-section-height-default\" data-id=\"b83a683\" data-element_type=\"section\" data-e-type=\"section\">\n\t\t\t\t\t\t<div class=\"elementor-container elementor-column-gap-default\">\n\t\t\t\t\t<div class=\"elementor-column elementor-col-100 elementor-top-column elementor-element elementor-element-e0dde3e\" data-id=\"e0dde3e\" data-element_type=\"column\" data-e-type=\"column\">\n\t\t\t<div class=\"elementor-widget-wrap elementor-element-populated\">\n\t\t\t\t\t\t<div class=\"elementor-element elementor-element-d8aa14d elementor-widget elementor-widget-text-editor\" data-id=\"d8aa14d\" data-element_type=\"widget\" data-e-type=\"widget\" data-widget_type=\"text-editor.default\">\n\t\t\t\t<div class=\"elementor-widget-container\">\n\t\t\t\t\t\t\t\t\t<p>Privacy Policy Statement<\/p><p>as required by the Gramn-Leach-Bliley Act<\/p><p>Public Law 106-102<\/p><p>Effective November 12, 1999<\/p>\t\t\t\t\t\t\t\t<\/div>\n\t\t\t\t<\/div>\n\t\t\t\t<div class=\"elementor-element elementor-element-77be361 elementor-widget elementor-widget-text-editor\" data-id=\"77be361\" data-element_type=\"widget\" data-e-type=\"widget\" data-widget_type=\"text-editor.default\">\n\t\t\t\t<div class=\"elementor-widget-container\">\n\t\t\t\t\t\t\t\t\t<p>La pol\u00edtica de privacidad de <strong>A\/Z TAXES &amp; IMMIGRATION SERVICES LLC<\/strong> es manejar la informaci\u00f3n personal no p\u00fablica sobre usted de varias fuentes, que incluyen: entrevistas, solicitudes, documentos que usted nos proporcione o nos permita el acceso, con la m\u00e1xima confidencialidad y cuidado.<\/p><p>No divulgamos ninguna informaci\u00f3n personal no p\u00fablica sobre nuestros clientes o peticionarios a nadie fuera de nuestra firma sin su permiso expreso por escrito para hacerlo, excepto cuando lo soliciten nuestros propios clientes.<\/p><p>Restringimos el acceso a la informaci\u00f3n personal que le concierne.<\/p><p>Mantenemos protecciones f\u00edsicas, electr\u00f3nicas y de procedimiento acordes a la ley, y en cumplimiento con las regulaciones federales para proteger su informaci\u00f3n personal no p\u00fablica.<\/p><p>Su privacidad es importante para nosotros, e igualmente lo es su confianza en saber que su informaci\u00f3n personal est\u00e1 segura.<\/p><p>Por favor, cont\u00e1ctenos si tiene alguna pregunta sobre nuestra Pol\u00edtica de Privacidad, comunic\u00e1ndose con la Compa\u00f1\u00eda programando una cita en la p\u00e1gina <span style=\"text-decoration: underline;\"><a href=\"https:\/\/aztiservices.com\/?page_id=1496\">Contactos<\/a><\/span> de nuestro sitio web, por el correo electr\u00f3nico yhernandez@aztiservices.com o por v\u00eda telef\u00f3nica al n\u00famero (404) 566-0349.<\/p><p>Sinceramente,<\/p>\t\t\t\t\t\t\t\t<\/div>\n\t\t\t\t<\/div>\n\t\t\t\t<div class=\"elementor-element elementor-element-0f237a1 elementor-widget elementor-widget-text-editor\" data-id=\"0f237a1\" data-element_type=\"widget\" data-e-type=\"widget\" data-widget_type=\"text-editor.default\">\n\t\t\t\t<div class=\"elementor-widget-container\">\n\t\t\t\t\t\t\t\t\t<p>Yamitza Hernandez<\/p>\t\t\t\t\t\t\t\t<\/div>\n\t\t\t\t<\/div>\n\t\t\t\t<div class=\"elementor-element elementor-element-636ce39 elementor-widget__width-initial elementor-widget elementor-widget-text-editor\" data-id=\"636ce39\" data-element_type=\"widget\" data-e-type=\"widget\" data-widget_type=\"text-editor.default\">\n\t\t\t\t<div class=\"elementor-widget-container\">\n\t\t\t\t\t\t\t\t\t<p>\u00a0 \u00a0 \u00a0 \u00a0 \u00a0 \u00a0 \u00a0 \u00a0 Manager<\/p>\t\t\t\t\t\t\t\t<\/div>\n\t\t\t\t<\/div>\n\t\t\t\t<div class=\"elementor-element elementor-element-aff74ef elementor-widget elementor-widget-text-editor\" data-id=\"aff74ef\" data-element_type=\"widget\" data-e-type=\"widget\" data-widget_type=\"text-editor.default\">\n\t\t\t\t<div class=\"elementor-widget-container\">\n\t\t\t\t\t\t\t\t\t<p style=\"text-align: left;\"><strong>A\/Z TAXES &amp; IMMIGRATION SERVICES LLC<\/strong><\/p>\t\t\t\t\t\t\t\t<\/div>\n\t\t\t\t<\/div>\n\t\t\t\t<div class=\"elementor-element elementor-element-c98f6be elementor-widget elementor-widget-text-editor\" data-id=\"c98f6be\" data-element_type=\"widget\" data-e-type=\"widget\" data-widget_type=\"text-editor.default\">\n\t\t\t\t<div class=\"elementor-widget-container\">\n\t\t\t\t\t\t\t\t\t<p>\u00a0<\/p><p>yhernandez@aztiservices.com<\/p><p>Tel: (404) 566-0349<\/p><p>Fax: (678) 404-8669<\/p>\t\t\t\t\t\t\t\t<\/div>\n\t\t\t\t<\/div>\n\t\t\t\t\t<\/div>\n\t\t<\/div>\n\t\t\t\t\t<\/div>\n\t\t<\/section>\n\t\t\t\t<\/div>\n\t\t","protected":false},"excerpt":{"rendered":"<p>Privacy Policy Statement as required by the Gramn-Leach-Bliley Act Public Law 106-102 Effective November 12, 1999 La pol\u00edtica de privacidad de A\/Z TAXES &amp; IMMIGRATION SERVICES LLC es manejar la informaci\u00f3n personal no p\u00fablica sobre usted de varias fuentes, que incluyen: entrevistas, solicitudes, documentos que usted nos proporcione o nos permita el acceso, con la [&hellip;]<\/p>\n","protected":false},"author":1,"featured_media":0,"parent":0,"menu_order":0,"comment_status":"closed","ping_status":"closed","template":"","meta":{"site-sidebar-layout":"no-sidebar","site-content-layout":"page-builder","ast-site-content-layout":"default","site-content-style":"default","site-sidebar-style":"default","ast-global-header-display":"","ast-banner-title-visibility":"","ast-main-header-display":"","ast-hfb-above-header-display":"","ast-hfb-below-header-display":"","ast-hfb-mobile-header-display":"","site-post-title":"disabled","ast-breadcrumbs-content":"","ast-featured-img":"disabled","footer-sml-layout":"","ast-disable-related-posts":"","theme-transparent-header-meta":"","adv-header-id-meta":"","stick-header-meta":"","header-above-stick-meta":"","header-main-stick-meta":"","header-below-stick-meta":"","astra-migrate-meta-layouts":"default","ast-page-background-enabled":"default","ast-page-background-meta":{"desktop":{"background-color":"","background-image":"","background-repeat":"repeat","background-position":"center center","background-size":"auto","background-attachment":"scroll","background-type":"","background-media":"","overlay-type":"","overlay-color":"","overlay-opacity":"","overlay-gradient":""},"tablet":{"background-color":"","background-image":"","background-repeat":"repeat","background-position":"center center","background-size":"auto","background-attachment":"scroll","background-type":"","background-media":"","overlay-type":"","overlay-color":"","overlay-opacity":"","overlay-gradient":""},"mobile":{"background-color":"","background-image":"","background-repeat":"repeat","background-position":"center center","background-size":"auto","background-attachment":"scroll","background-type":"","background-media":"","overlay-type":"","overlay-color":"","overlay-opacity":"","overlay-gradient":""}},"ast-content-background-meta":{"desktop":{"background-color":"var(--ast-global-color-5)","background-image":"","background-repeat":"repeat","background-position":"center center","background-size":"auto","background-attachment":"scroll","background-type":"","background-media":"","overlay-type":"","overlay-color":"","overlay-opacity":"","overlay-gradient":""},"tablet":{"background-color":"var(--ast-global-color-5)","background-image":"","background-repeat":"repeat","background-position":"center center","background-size":"auto","background-attachment":"scroll","background-type":"","background-media":"","overlay-type":"","overlay-color":"","overlay-opacity":"","overlay-gradient":""},"mobile":{"background-color":"var(--ast-global-color-5)","background-image":"","background-repeat":"repeat","background-position":"center center","background-size":"auto","background-attachment":"scroll","background-type":"","background-media":"","overlay-type":"","overlay-color":"","overlay-opacity":"","overlay-gradient":""}},"footnotes":""},"class_list":["post-2681","page","type-page","status-publish","hentry"],"_links":{"self":[{"href":"https:\/\/aztiservices.com\/index.php?rest_route=\/wp\/v2\/pages\/2681","targetHints":{"allow":["GET"]}}],"collection":[{"href":"https:\/\/aztiservices.com\/index.php?rest_route=\/wp\/v2\/pages"}],"about":[{"href":"https:\/\/aztiservices.com\/index.php?rest_route=\/wp\/v2\/types\/page"}],"author":[{"embeddable":true,"href":"https:\/\/aztiservices.com\/index.php?rest_route=\/wp\/v2\/users\/1"}],"replies":[{"embeddable":true,"href":"https:\/\/aztiservices.com\/index.php?rest_route=%2Fwp%2Fv2%2Fcomments&post=2681"}],"version-history":[{"count":90,"href":"https:\/\/aztiservices.com\/index.php?rest_route=\/wp\/v2\/pages\/2681\/revisions"}],"predecessor-version":[{"id":4323,"href":"https:\/\/aztiservices.com\/index.php?rest_route=\/wp\/v2\/pages\/2681\/revisions\/4323"}],"wp:attachment":[{"href":"https:\/\/aztiservices.com\/index.php?rest_route=%2Fwp%2Fv2%2Fmedia&parent=2681"}],"curies":[{"name":"wp","href":"https:\/\/api.w.org\/{rel}","templated":true}]}}